Suppose -79*z + 588 = -58*z. Calculate the greatest common divisor of 1988 and z.
28
Suppose 0 = -3*q - 4*b - 7, -2 + 10 = 4*q + b. Let r be (5 + -5 + q - 8) + 27. Calculate the highest common factor of r and 44.
22
Let q(s) = 74*s - 49. Let j be q(2). Let b = 36 + j. What is the highest common divisor of 15 and b?
15
Suppose 0 = g - 4*q - 148, -4*q = 4*g - 7*q - 579. What is the greatest common divisor of g and 240?
48
Suppose 5*i + 3*y - 2156 = 0, y - 850 = -2*i + 6*y. What is the highest common divisor of 1333 and i?
43
Let w = 3114 + -2579. Calculate the highest common factor of 115 and w.
5
Let v(h) = 0*h + 22 - 18*h + 22*h. Let z be v(26). Calculate the greatest common divisor of 14 and z.
14
Let d = -3670 - -4130. What is the highest common divisor of d and 10?
10
Let q be (-20)/16*12/(-18)*6. Suppose -228 = -2*o + 4*t, -228 = -4*o - q*t + 189. Let r = -11 + 29. Calculate the greatest common factor of r and o.
18
Let m be (-492)/3116 - 462/(-38). Calculate the highest common divisor of m and 896.
4
Let i = 25 + 1. Suppose a - w - 208 = 0, 12*a - 9*w + 5*w = 2496. Calculate the greatest common factor of i and a.
26
Suppose 5632 = -138*m + 136*m. Let v be m/48*(-2 - (-1 - -5)). Calculate the highest common factor of v and 11.
11
Suppose -411*d = -406*d - 1515. Suppose 248 = 311*j - d*j. Calculate the highest common divisor of j and 124.
31
Let u be -8 + (-200)/(-24) + (-17)/(-3). Let d be 92 + 2 + -2 + u + -2. What is the greatest common divisor of 6 and d?
6
Let m(s) = 9*s**3 - 4*s**2 - 3*s - 2. Let g be m(2). Let i(u) = 2*u**3 - 12*u**2 + 6*u + 60. Let d be i(9). Calculate the greatest common divisor of d and g.
24
Let u(q) = -59 + 59*q - 49 + 113 - 41. Let c be u(4). Calculate the highest common divisor of 40 and c.
40
Let u be 3/18*122 - (-4)/6. Let b be 1542/u + 8/14. Suppose -11*d - b = -426. Calculate the greatest common factor of d and 4.
4
Let u(r) = r**3 + 2*r**2 - r + 5. Let b be u(0). What is the greatest common factor of b and 955?
5
Suppose -4*l - 832 = -3*n - 3149, -3*n + 2347 = 4*l. Calculate the highest common factor of l and 1961.
53
Let x = -5723 - -15747. Calculate the greatest common divisor of x and 56.
56
Let z = 242 - 237. Suppose -2*p + z*p - 360 = 0. Calculate the greatest common divisor of 160 and p.
40
Let m(x) = 24*x**2 + 2*x - 1. Let v be m(3). Let k = -150 - -167. Calculate the highest common factor of k and v.
17
Suppose 45894 = 5*b - 6*w + 9*w, -4*b = -2*w - 36724. Calculate the greatest common divisor of 85 and b.
85
Let z(l) = l + 182. Let g be z(-6). What is the highest common factor of g and 1496?
88
Suppose 13*y + 0*y = -1079. Let p = 143 + y. What is the highest common divisor of 12 and p?
12
Let j = -36 - -52. Suppose -4*r - 20 = 0, -196*r + 194*r + 1830 = 5*s. What is the greatest common factor of s and j?
16
Let s = 31500 - 30830. What is the greatest common factor of s and 12462?
134
Let h = 87 + -23. Let i = 212 - -332. What is the greatest common factor of i and h?
32
Let w = 2762 + -2750. Suppose 3*l - 11 - 7 = 0. Calculate the greatest common divisor of w and l.
6
Let f = 15739 + -15716. Calculate the greatest common factor of f and 9.
1
Let f be ((-492)/(-72) - 6)/(2/30)*142. What is the greatest common divisor of 75 and f?
25
Suppose -x = 3*x. Suppose 2*m + 2*m = -u + 105, x = 3*u - 5*m - 366. Let z = -1673 + 1686. What is the greatest common factor of z and u?
13
Suppose 7*z - 56 = -14. Suppose -2*u + z*u = 232. Let x = u + -34. Calculate the greatest common factor of 16 and x.
8
Let f(z) = 2*z**2 + 6*z - 12. Let a be f(3). Suppose -12*r + a = -312. Calculate the greatest common divisor of r and 12.
4
Let m be (-532)/(-4 + -10) - -4. Let u(h) = 2*h**2 + 10*h. Let c be u(-9). Calculate the greatest common factor of m and c.
6
Let h(i) = -2*i**2 - 18*i + 584. Let r be h(-20). Calculate the greatest common factor of 2832 and r.
48
Let u(v) = 407*v + 5467. Let d be u(-10). Calculate the greatest common divisor of d and 127.
127
Let s be (-206272)/192 + 4/(-6). Let j be (-4)/(5*20/s). Calculate the greatest common divisor of 1 and j.
1
Let c = 153 + -139. Suppose 3*t + 3*x + 42 = 0, 10 = -2*t + x - 21. Let k(v) = -v**2 - 17*v + 5. Let a be k(t). What is the highest common divisor of a and c?
7
Suppose -113*b + 119*b = 17982. Suppose 15*f - 3663 = b. What is the greatest common divisor of 12 and f?
12
Let m(y) = 153*y**2 - 199*y + 943. Let c be m(5). Calculate the highest common factor of c and 147.
49
Suppose 0 = 6*j - 4*j - 262. Let z = j + -169. Let c = -2 - z. Calculate the highest common divisor of c and 12.
12
Let h = -1005 + 1007. Calculate the greatest common divisor of 13 and h.
1
Suppose -10*x = 2*x - 1128. Suppose 17*r - x - 76 = 0. Calculate the greatest common divisor of 50 and r.
10
Suppose 0*c = -5*c - 635. Let g = c - -181. Let i = 83 + -47. Calculate the greatest common divisor of i and g.
18
Suppose -20615 = -10*u + 155. What is the greatest common divisor of u and 31?
31
Let s be (9 + -19)*((-6)/10 + (-16)/40). What is the highest common factor of 8920 and s?
10
Suppose -i + 11 = 5*h - 7, -5*h - 114 = -3*i. Let k = 909 - 1322. Let v = k - -490. Calculate the greatest common divisor of v and i.
11
Let i(d) = -4 - 41*d - 7 - 4 + 3. Let p be ((-15)/(-10))/((-21)/14). Let t be i(p). What is the greatest common divisor of 58 and t?
29
Let t be 6/(3 - 1890/632). Let a be t/16 + (-1)/2. Let x(f) = -73*f + 5. Let d be x(-1). Calculate the greatest common factor of d and a.
39
Let a be (4/2 - (155/10 - 14))*432. Calculate the greatest common factor of a and 176.
8
Let s(t) = t + 10. Let y be s(-5). Suppose 4*q + y*o = 201, -191 = -4*q - 0*o + 5*o. What is the highest common divisor of q and 392?
49
Let t = -19 + 44. Let q be (-5060)/340 + 16 - 18/153. What is the greatest common divisor of q and t?
1
Let h be 3245 + ((-8 - -4) + 1)*-1. Let v be 1/(-5 - (-16247)/h). What is the greatest common factor of v and 16?
16
Let f = 7694 - 7679. Suppose 0 = 4*u + 2*j - 36, u - 4*u + 4*j = -27. Calculate the highest common divisor of f and u.
3
Let q = -302 - -302. Suppose -2*i + 86 = 4*k, -3*i - 3*k + 94 + 26 = q. Calculate the greatest common divisor of 333 and i.
37
Suppose -4*i - 3*a + 2716 = -275, -2237 = -3*i - a. Let d be i/(-12)*(-8 - -4). What is the highest common divisor of d and 31?
31
Let g(x) = -x**3 - 4*x**2 - 7*x - 7. Suppose -3*o + 2*p - 22 = 0, 0 = -p + 6 - 1. Let n be g(o). What is the greatest common divisor of n and 651?
21
Suppose -15 - 2 = u. Let o = 5 - u. Suppose -135 = -2*r - 3. What is the highest common factor of r and o?
22
Let m = -629 - -599. Let d be 40/m - 97/(-3). Let t be 373/3 + 2/(-6). What is the greatest common divisor of d and t?
31
Suppose 0 = 23*v + 1725 - 2691. Calculate the greatest common divisor of 5838 and v.
42
Let c(l) = -161*l - 1570. Let o be c(-10). Suppose -3*s - 9 = -144. Calculate the greatest common divisor of o and s.
5
Let y = 29695 - 28764. Calculate the greatest common factor of y and 247.
19
Let k be 6*(-3 + 186/4). Let l = k + -185. Suppose 4*r - l = 4*q, -5*r + 2*q + 53 = -30. Calculate the greatest common divisor of r and 45.
15
Suppose k + 7 = 2*q, k + 4*q = 8*q - 17. Suppose 70 = k*h + f, 3*h - f = -2*h + 130. Calculate the highest common factor of h and 325.
25
Let w be (3/(-9))/((-3)/9). Let v be 1/(1 - (-100)/(-104)). Suppose 24*p - v*p = -2. Calculate the greatest common divisor of p and w.
1
Let s = -2510 + 3196. Calculate the greatest common divisor of 14 and s.
14
Let g be (-13 + -959)*22/(-44). What is the highest common factor of 1062 and g?
18
Let o(g) = -2*g**3 - 4*g**2 - 5*g + 3. Let p be o(-4). Let y(f) = 2*f**2 - 362*f + 3328. Let h be y(9). Calculate the greatest common divisor of h and p.
29
Let j be 2*5/(-35) - (-200)/14. Let h be ((4 - 5) + j)/((-2)/(-26)). What is the greatest common factor of 26 and h?
13
Let n be 0 + (-895)/(-10) + 161/(-46). Calculate the greatest common divisor of n and 5633.
43
Let d be (50/(-4) - -11)*200/(-3). Suppose 4*c + 3*b - d = 5*b, 8 = 2*b. Calculate the highest common factor of c and 27.
27
Suppose -52*i = 307 - 3219. Calculate the highest common divisor of 5348 and i.
28
Let r(m) = 39*m - 39. Let n be r(9). Calculate the highest common factor of 48 and n.
24
Let h = -66 + 66.